
Suppose -4*d + 5*d - 22 = 0. What is the remainder when d is divided by 8?
6
What is the remainder when 134 is divided by 14 + 6*2/16*4?
15
Suppose -5*f + 48 = -27. Suppose -129 = 5*d + 3*l, 4*l - f = d + l. Calculate the remainder when 2/4 - 444/d is divided by 7.
5
Suppose 5*l - 84 - 81 = 0. Suppose l = 3*q - 12. Let v = -27 + 70. Calculate the remainder when v is divided by q.
13
Let d = -194 - -213. Let x = 3 - -4. Suppose -175 = -x*m + 2*m. Calculate the remainder when m is divided by d.
16
Let z be 45/12 - (-3)/(-4). Suppose -t + z*t - 94 = 0. Suppose x = -1, -h + 3*x + t = -14. What is the remainder when h is divided by 15?
13
Suppose 32*y = 8*y + 48. Suppose 0*j + 8 = 2*j. Suppose 7*t - 172 = 2*t + j*n, 4*t + y*n = 122. Calculate the remainder when t is divided by 11.
10
Let o = 376 + -354. What is the remainder when 527 is divided by o?
21
Let n = -276 - -296. What is the remainder when 72 is divided by n?
12
Let m be (-7)/21 + 62/6. Suppose 2*w - 21 - m = -3*u, w = 2*u + 12. Calculate the remainder when w is divided by 4.
2
Suppose 126 = 4*k - 2. What is the remainder when k is divided by 25?
7
Let m(t) = t + 5. Let c(o) = o**3 + 6*o**2 - o - 21. Calculate the remainder when c(-4) is divided by m(0).
0
Let z(r) = r**2 - 7*r + 4. Suppose 4*d = -3 + 11. Suppose d*s + 32 = 6*s. What is the remainder when 23 is divided by z(s)?
11
Suppose 2*l - 8 = -2. Suppose 0*u - 262 = -l*u + 5*f, 0 = -4*u - 4*f + 296. Calculate the remainder when u is divided by 164/6 + (-13)/39.
25
Suppose -5*k + 18 = 3*f, 2*k + 6*f - 5*f = 8. Suppose -k*v - 6*v = -72. What is the remainder when 24 is divided by v?
0
Suppose 2*h + 4*n = -4, n + 18 = h - 2*n. Let j = h - 6. Suppose -2*l + 6 = j, -3*r - 3 = -0*l - 4*l. What is the remainder when 9 is divided by r?
0
Let f(r) = r**3 - 3*r**2 + 2. Let y be f(-2). Let c = y - -26. Calculate the remainder when 53 is divided by c.
5
Suppose -87 = -4*u - 3. Let a be 4*5/10 + 20. Let q = 105 - a. Calculate the remainder when q is divided by u.
20
Suppose 83 = 10*r - 5*r + 2*q, -q = 1. Calculate the remainder when 98 is divided by r.
13
Let i = -2 + 5. Let z = 33 + -18. Suppose -5*t - 14 = -3*v - 4, -4*v = -5*t - z. Calculate the remainder when i is divided by t.
0
Let m = -148 + 396. Let n = -165 + m. Calculate the remainder when n is divided by 21.
20
Suppose 0 = 5*c + 25, 87*c + 62 = 2*z + 89*c. What is the remainder when 117 is divided by z?
9
Let r = -43 + 101. Suppose 3*f + 5*k = 60, -f - 1 = 5*k - 31. What is the remainder when r is divided by f?
13
Suppose 4*q - 3*f + 408 = 0, 2*q - q - 2*f + 107 = 0. What is the remainder when (-8)/20 + (-247)/(-5) is divided by (-2)/(-9) - 1661/q?
15
Let s = -40 + 23. Let v = s + 28. What is the remainder when v is divided by ((-3)/(-6))/(2/24)?
5
Suppose 0 = -5*n + 5*y + 59 - 299, 5*n + 2*y + 240 = 0. Let u = n - -86. Calculate the remainder when 149 is divided by u.
35
Suppose -3*y - 2*y = -25. Suppose -y*g = -9*g + 24. Suppose -54 + 0 = -g*q. What is the remainder when q is divided by 3?
0
Let q be (-16)/(-28) + (-95)/7. Let b(g) = -2*g - 21. Calculate the remainder when 13 is divided by b(q).
3
Let b(m) = 14*m**2 + 79 - 27*m**2 + 12*m**2 + 2*m - 17. Calculate the remainder when b(0) is divided by 9.
8
Let l be (-5)/2*(1 + 5). Let n = l + 17. Calculate the remainder when 106 is divided by 29 + 0 - (0 + n).
25
Suppose 2*g = -2*g + 56. Let v = -119 - -127. Let p(s) = -s**3 + 8*s**2 + 6*s + 19. Calculate the remainder when p(v) is divided by g.
11
Let k(l) = 7*l**2 + 42*l - 21. What is the remainder when (-4)/(-8)*-2 - -194 is divided by k(-7)?
25
Suppose -8*j + 5*q = -3*j - 140, -3*q = 2*j - 56. Calculate the remainder when 97 is divided by j.
13
Suppose 3*j + 3*o = o + 116, -3*o = 3*j - 120. Suppose 3*a = -5*d + 55, -2*d = -0*d + 4*a - j. What is the remainder when 15 is divided by d?
7
Let c = 69 + -47. Let q = 358 + -271. Calculate the remainder when q is divided by c.
21
Let g(r) = 5*r**2 + 4*r + 1. Let q be g(-2). Suppose 28 = t - q. Calculate the remainder when t is divided by 11.
8
Let n = 74 - -3. Let z(s) = 22*s**2 + 2*s - 4. What is the remainder when n is divided by z(1)?
17
Let u be 2/(-5) - (-110)/25. Let t(v) = v - 4. Let x be t(u). Suppose 5*c = -x*w + 4*w + 166, -2*c + 73 = 5*w. Calculate the remainder when c is divided by 12.
10
Let u = 30 + -18. Let p = 114 + -55. What is the remainder when p is divided by u?
11
Let p be (-24)/16 - ((-93)/(-2) + 0). Let q = p - -63. Calculate the remainder when 59 is divided by q.
14
Suppose 0 = 5*l + 5, -4*w - 14 + 61 = -3*l. Calculate the remainder when 139 is divided by w.
7
Let c(g) = g**2 + 3*g - 11. Suppose 10*n + j - 573 = 5*n, -n = 5*j - 129. Calculate the remainder when n is divided by c(-8).
27
Let p(u) = u**2 - 7. Let j be -3 - (-5)/(20/8). Let b be (-4 + 24)*j/(-4). What is the remainder when 51 is divided by p(b)?
15
Let g(i) = -28*i - 2. Let w = -2141 + 2149. Calculate the remainder when g(-2) is divided by w.
6
Let j(n) = -5*n + 87. Calculate the remainder when 107 is divided by j(13).
19
Suppose -2*q = a - 3*q + 51, -3*q - 287 = 5*a. Let k = a - -122. Calculate the remainder when k is divided by 17.
16
Let v = -20 - -176. Calculate the remainder when v is divided by 34.
20
Suppose -111*t = -109*t - 712. Calculate the remainder when t is divided by 18.
14
Let a be 6/(-21) - 2/(-7). Suppose 5*k + a*l = -4*l + 75, 4*k = -l + 60. Calculate the remainder when (196/(-8) - -3)*-2 is divided by k.
13
Let f = 1079 + -258. Calculate the remainder when f is divided by 103.
100
Calculate the remainder when 205 is divided by ((-3)/2 - -12)*(-10)/(-3).
30
Suppose -112 = -3*s - s. Let u = 17332 + -17327. What is the remainder when s is divided by u?
3
Let x be ((-9)/(-24))/(45/(-24) + 2). Suppose 0 = 3*y + 5*b + x, 0 = -2*b + 5*b + 9. Suppose 2*s - 14 = 6. Calculate the remainder when s is divided by y.
2
Let q(o) = -5*o - 13. Suppose a + 14 = 3*n - 3*a, 16 = 3*n - 2*a. Calculate the remainder when q(-7) is divided by n.
4
Let m = 47 + -25. Calculate the remainder when 52 is divided by m.
8
Suppose 29*k + 3222 = 35*k. What is the remainder when k is divided by 30?
27
Suppose 5*d - 6*h = 10 + 28, -4*d + 1 = 5*h. What is the remainder when 9 is divided by d?
1
Let t be (31 + 12/3)*2. Suppose 5*x + 2*x = -t. What is the remainder when x/(-15)*6 + 8 is divided by 6?
0
Suppose -4*p + 3 + 5 = 0. Suppose 3 = q - p*t, -3*q + 14 = -0*q - 5*t. What is the remainder when 735/(-15)*-1*(-1)/(-1) is divided by q?
10
Suppose -27 = -2*v + 103. Suppose 2*a + 2*a + 2*z = -4, -a - 8 = 4*z. Suppose -9*f + 3*f + 102 = a. Calculate the remainder when v is divided by f.
14
Let h(c) = c**2 - c + 1. Let o(b) = b**2 + 3*b + 10. Let z(t) = 2*h(t) - o(t). What is the remainder when 28 is divided by z(7)?
4
Suppose -3*b - 6*k = -k + 624, -615 = 3*b + 2*k. Let z = b + 301. Calculate the remainder when z is divided by 20.
18
Let g = 39 + -23. What is the remainder when 238 is divided by g?
14
Suppose 2*u = -5*v + 49, 4*u - u + 2*v - 101 = 0. What is the remainder when u is divided by 26?
11
Suppose 2 = -v + 16. What is the remainder when v is divided by 1?
0
Calculate the remainder when 2/((((-4)/14)/2)/(-6)) is divided by 24.
12
Let a be (-1 + -7)*77/4. Let i = a - -234. Suppose 561 - 48 = 19*b. What is the remainder when i is divided by b?
26
Suppose 242 = -90*x + 91*x + y, 0 = -3*x + 4*y + 691. What is the remainder when x is divided by 80?
77
Suppose -5*p = -19*p + 1414. Calculate the remainder when p is divided by 35.
31
Let b be (-3)/15 - (-32)/10. Suppose -3*s = s - 64. What is the remainder when -47*5/(b - 8) is divided by s?
15
Let z(i) = -5*i**2 + 77*i + 14. What is the remainder when 83 is divided by z(15)?
39
Let g(k) = k + 1. Suppose -24 = 2*h - 4*o - 58, -4*o - 55 = -5*h. Suppose -3*t - 5*b = -52, 3*b = t - 10 + 2. Calculate the remainder when t is divided by g(h).
6
Let r be 1/4 - (-396)/16. Let t(s) = -s**2 + 18*s - 33. Let m be t(15). Let p = r - m. What is the remainder when p is divided by 5?
3
Let n(i) = i**2 + 8*i + 5. Let k be n(-4). Let p = k - -22. Suppose -7*v - 16 = -11*v. What is the remainder when p is divided by v?
3
Calculate the remainder when 856 is divided by (-133)/(-4) + 14 + (-456)/32.
31
Calculate the remainder when (